{"id":386,"date":"2016-11-03T12:29:51","date_gmt":"2016-11-03T12:29:51","guid":{"rendered":"http:\/\/localhost:8888\/startright\/?page_id=386"},"modified":"2022-01-31T17:48:30","modified_gmt":"2022-01-31T17:48:30","slug":"agricultural-processing","status":"publish","type":"page","link":"http:\/\/aveicargo.pt\/?page_id=386","title":{"rendered":"Transporte com Cami\u00e3o Grua e M\u00e1quinas Pesadas"},"content":{"rendered":"<p style=\"text-align: center;\">TRANSPORTE COM CAMI\u00c3O GRUA E M\u00c1QUINAS PESADAS<\/p>\n<p>A nossa empresa est\u00e1 vocacionada para servi\u00e7os especiais com grua e equipamento pesado.<\/p>\n<p>Desde Cami\u00f5es com Grua e Transporte e Descarga de M\u00e1quinas Pesadas.\u00a0<\/p>\n<p>Os nossos transportadores e operadores s\u00e3o certificados.<\/p>\n<p>\t\t\t\t\t\t\t\t\t\t<img loading=\"lazy\" decoding=\"async\" width=\"2560\" height=\"1538\" src=\"http:\/\/aveicargo.pt\/wp-content\/uploads\/2019\/12\/20191206_112118_principal_1-scaled.jpg\" alt=\"\" srcset=\"http:\/\/aveicargo.pt\/wp-content\/uploads\/2019\/12\/20191206_112118_principal_1-scaled.jpg 2560w, http:\/\/aveicargo.pt\/wp-content\/uploads\/2019\/12\/20191206_112118_principal_1-300x180.jpg 300w, http:\/\/aveicargo.pt\/wp-content\/uploads\/2019\/12\/20191206_112118_principal_1-1024x615.jpg 1024w, http:\/\/aveicargo.pt\/wp-content\/uploads\/2019\/12\/20191206_112118_principal_1-768x461.jpg 768w, http:\/\/aveicargo.pt\/wp-content\/uploads\/2019\/12\/20191206_112118_principal_1-1536x923.jpg 1536w, http:\/\/aveicargo.pt\/wp-content\/uploads\/2019\/12\/20191206_112118_principal_1-2048x1230.jpg 2048w\" sizes=\"auto, (max-width: 2560px) 100vw, 2560px\" \/><br \/>\n\t\t\t\t\t\t\t\t\t\t<img loading=\"lazy\" decoding=\"async\" width=\"760\" height=\"517\" src=\"http:\/\/aveicargo.pt\/wp-content\/uploads\/2022\/01\/extra_4906939279826964917.jpg\" alt=\"\" srcset=\"http:\/\/aveicargo.pt\/wp-content\/uploads\/2022\/01\/extra_4906939279826964917.jpg 800w, http:\/\/aveicargo.pt\/wp-content\/uploads\/2022\/01\/extra_4906939279826964917-300x204.jpg 300w, http:\/\/aveicargo.pt\/wp-content\/uploads\/2022\/01\/extra_4906939279826964917-768x522.jpg 768w\" sizes=\"auto, (max-width: 760px) 100vw, 760px\" \/><br \/>\n\t\t\t\t\t\t\t\t\t\t<img loading=\"lazy\" decoding=\"async\" width=\"760\" height=\"491\" src=\"http:\/\/aveicargo.pt\/wp-content\/uploads\/2022\/01\/20220126_094411.jpg\" alt=\"\" srcset=\"http:\/\/aveicargo.pt\/wp-content\/uploads\/2022\/01\/20220126_094411.jpg 981w, http:\/\/aveicargo.pt\/wp-content\/uploads\/2022\/01\/20220126_094411-300x194.jpg 300w, http:\/\/aveicargo.pt\/wp-content\/uploads\/2022\/01\/20220126_094411-768x496.jpg 768w\" sizes=\"auto, (max-width: 760px) 100vw, 760px\" \/><br \/>\n\t\t\t\t\t\t\t\t\t\t<img loading=\"lazy\" decoding=\"async\" width=\"432\" height=\"300\" src=\"http:\/\/aveicargo.pt\/wp-content\/uploads\/2019\/12\/1_grua_navio.jpg\" alt=\"\" srcset=\"http:\/\/aveicargo.pt\/wp-content\/uploads\/2019\/12\/1_grua_navio.jpg 432w, http:\/\/aveicargo.pt\/wp-content\/uploads\/2019\/12\/1_grua_navio-300x208.jpg 300w\" sizes=\"auto, (max-width: 432px) 100vw, 432px\" \/><br \/>\n\t\t\t\t\t\t\t\t\t\t<img loading=\"lazy\" decoding=\"async\" width=\"432\" height=\"300\" src=\"http:\/\/aveicargo.pt\/wp-content\/uploads\/2019\/12\/grua_construcao.jpg\" alt=\"\" srcset=\"http:\/\/aveicargo.pt\/wp-content\/uploads\/2019\/12\/grua_construcao.jpg 432w, http:\/\/aveicargo.pt\/wp-content\/uploads\/2019\/12\/grua_construcao-300x208.jpg 300w\" sizes=\"auto, (max-width: 432px) 100vw, 432px\" \/><br \/>\n\t\t\t\t\t\t\t\t\t\t<img loading=\"lazy\" decoding=\"async\" width=\"432\" height=\"300\" src=\"http:\/\/aveicargo.pt\/wp-content\/uploads\/2019\/12\/20191128_144302-1.jpg\" alt=\"\" srcset=\"http:\/\/aveicargo.pt\/wp-content\/uploads\/2019\/12\/20191128_144302-1.jpg 432w, http:\/\/aveicargo.pt\/wp-content\/uploads\/2019\/12\/20191128_144302-1-300x208.jpg 300w\" sizes=\"auto, (max-width: 432px) 100vw, 432px\" \/><br \/>\n\t\t\t\t\t\t\t\t\t\t<img loading=\"lazy\" decoding=\"async\" width=\"432\" height=\"300\" src=\"http:\/\/aveicargo.pt\/wp-content\/uploads\/2019\/12\/20191129_133645-1.jpg\" alt=\"\" srcset=\"http:\/\/aveicargo.pt\/wp-content\/uploads\/2019\/12\/20191129_133645-1.jpg 432w, http:\/\/aveicargo.pt\/wp-content\/uploads\/2019\/12\/20191129_133645-1-300x208.jpg 300w\" sizes=\"auto, (max-width: 432px) 100vw, 432px\" \/><br \/>\n\t\t\t\t\t\t\t\t\t\t<img loading=\"lazy\" decoding=\"async\" width=\"432\" height=\"300\" src=\"http:\/\/aveicargo.pt\/wp-content\/uploads\/2019\/12\/5_grua.jpg\" alt=\"\" srcset=\"http:\/\/aveicargo.pt\/wp-content\/uploads\/2019\/12\/5_grua.jpg 432w, http:\/\/aveicargo.pt\/wp-content\/uploads\/2019\/12\/5_grua-300x208.jpg 300w\" sizes=\"auto, (max-width: 432px) 100vw, 432px\" \/><br \/>\n\t\t\t\t\t\t\t\t\t\t<img loading=\"lazy\" decoding=\"async\" width=\"432\" height=\"300\" src=\"http:\/\/aveicargo.pt\/wp-content\/uploads\/2019\/12\/6_grua.jpg\" alt=\"\" srcset=\"http:\/\/aveicargo.pt\/wp-content\/uploads\/2019\/12\/6_grua.jpg 432w, http:\/\/aveicargo.pt\/wp-content\/uploads\/2019\/12\/6_grua-300x208.jpg 300w\" sizes=\"auto, (max-width: 432px) 100vw, 432px\" \/><br \/>\n\t\t\t\t\t\t\t\t\t\t<img loading=\"lazy\" decoding=\"async\" width=\"432\" height=\"300\" src=\"http:\/\/aveicargo.pt\/wp-content\/uploads\/2019\/12\/grua_7.jpg\" alt=\"\" srcset=\"http:\/\/aveicargo.pt\/wp-content\/uploads\/2019\/12\/grua_7.jpg 432w, http:\/\/aveicargo.pt\/wp-content\/uploads\/2019\/12\/grua_7-300x208.jpg 300w\" sizes=\"auto, (max-width: 432px) 100vw, 432px\" \/><br \/>\n\t\t\t\t\t\t\t\t\t\t<img loading=\"lazy\" decoding=\"async\" width=\"432\" height=\"300\" src=\"http:\/\/aveicargo.pt\/wp-content\/uploads\/2019\/12\/grua_8.jpg\" alt=\"\" srcset=\"http:\/\/aveicargo.pt\/wp-content\/uploads\/2019\/12\/grua_8.jpg 432w, http:\/\/aveicargo.pt\/wp-content\/uploads\/2019\/12\/grua_8-300x208.jpg 300w\" sizes=\"auto, (max-width: 432px) 100vw, 432px\" \/><br \/>\n\t\t\t\t\t\t\t\t\t\t<img loading=\"lazy\" decoding=\"async\" width=\"432\" height=\"300\" src=\"http:\/\/aveicargo.pt\/wp-content\/uploads\/2019\/12\/grua_9.jpg\" alt=\"\" srcset=\"http:\/\/aveicargo.pt\/wp-content\/uploads\/2019\/12\/grua_9.jpg 432w, http:\/\/aveicargo.pt\/wp-content\/uploads\/2019\/12\/grua_9-300x208.jpg 300w\" sizes=\"auto, (max-width: 432px) 100vw, 432px\" \/><br \/>\n\t\t\t\t\t\t\t\t\t\t<img loading=\"lazy\" decoding=\"async\" width=\"432\" height=\"300\" src=\"http:\/\/aveicargo.pt\/wp-content\/uploads\/2019\/12\/grua_10.jpg\" alt=\"\" srcset=\"http:\/\/aveicargo.pt\/wp-content\/uploads\/2019\/12\/grua_10.jpg 432w, http:\/\/aveicargo.pt\/wp-content\/uploads\/2019\/12\/grua_10-300x208.jpg 300w\" sizes=\"auto, (max-width: 432px) 100vw, 432px\" \/><br \/>\n\t\t\t\t\t\t\t\t\t\t<img loading=\"lazy\" decoding=\"async\" width=\"432\" height=\"300\" src=\"http:\/\/aveicargo.pt\/wp-content\/uploads\/2019\/12\/grua_11.jpg\" alt=\"\" srcset=\"http:\/\/aveicargo.pt\/wp-content\/uploads\/2019\/12\/grua_11.jpg 432w, http:\/\/aveicargo.pt\/wp-content\/uploads\/2019\/12\/grua_11-300x208.jpg 300w\" sizes=\"auto, (max-width: 432px) 100vw, 432px\" \/><br \/>\n\t\t\t\t\t\t\t\t\t\t<img loading=\"lazy\" decoding=\"async\" width=\"432\" height=\"300\" src=\"http:\/\/aveicargo.pt\/wp-content\/uploads\/2019\/12\/grua_12.jpg\" alt=\"\" srcset=\"http:\/\/aveicargo.pt\/wp-content\/uploads\/2019\/12\/grua_12.jpg 432w, http:\/\/aveicargo.pt\/wp-content\/uploads\/2019\/12\/grua_12-300x208.jpg 300w\" sizes=\"auto, (max-width: 432px) 100vw, 432px\" \/><br \/>\n\t\t\t\t\t\t\t\t\t\t<img loading=\"lazy\" decoding=\"async\" width=\"432\" height=\"300\" src=\"http:\/\/aveicargo.pt\/wp-content\/uploads\/2020\/03\/20190701_133120.jpg\" alt=\"\" srcset=\"http:\/\/aveicargo.pt\/wp-content\/uploads\/2020\/03\/20190701_133120.jpg 432w, http:\/\/aveicargo.pt\/wp-content\/uploads\/2020\/03\/20190701_133120-300x208.jpg 300w\" sizes=\"auto, (max-width: 432px) 100vw, 432px\" \/><br \/>\n\t\t\t\t\t\t\t\t\t\t<img loading=\"lazy\" decoding=\"async\" width=\"432\" height=\"300\" src=\"http:\/\/aveicargo.pt\/wp-content\/uploads\/2020\/03\/20190717_145005.jpg\" alt=\"\" srcset=\"http:\/\/aveicargo.pt\/wp-content\/uploads\/2020\/03\/20190717_145005.jpg 432w, http:\/\/aveicargo.pt\/wp-content\/uploads\/2020\/03\/20190717_145005-300x208.jpg 300w\" sizes=\"auto, (max-width: 432px) 100vw, 432px\" \/><br \/>\n\t\t\t\t\t\t\t\t\t\t<img loading=\"lazy\" decoding=\"async\" width=\"432\" height=\"300\" src=\"http:\/\/aveicargo.pt\/wp-content\/uploads\/2020\/03\/20190718_163717.jpg\" alt=\"\" srcset=\"http:\/\/aveicargo.pt\/wp-content\/uploads\/2020\/03\/20190718_163717.jpg 432w, http:\/\/aveicargo.pt\/wp-content\/uploads\/2020\/03\/20190718_163717-300x208.jpg 300w\" sizes=\"auto, (max-width: 432px) 100vw, 432px\" \/><br \/>\n\t\t\t\t\t\t\t\t\t\t<img loading=\"lazy\" decoding=\"async\" width=\"432\" height=\"300\" src=\"http:\/\/aveicargo.pt\/wp-content\/uploads\/2020\/03\/20190723_153404.jpg\" alt=\"\" srcset=\"http:\/\/aveicargo.pt\/wp-content\/uploads\/2020\/03\/20190723_153404.jpg 432w, http:\/\/aveicargo.pt\/wp-content\/uploads\/2020\/03\/20190723_153404-300x208.jpg 300w\" sizes=\"auto, (max-width: 432px) 100vw, 432px\" \/><br \/>\n\t\t\t\t\t\t\t\t\t\t<img loading=\"lazy\" decoding=\"async\" width=\"432\" height=\"300\" src=\"http:\/\/aveicargo.pt\/wp-content\/uploads\/2020\/03\/20190801_151414.jpg\" alt=\"\" srcset=\"http:\/\/aveicargo.pt\/wp-content\/uploads\/2020\/03\/20190801_151414.jpg 432w, http:\/\/aveicargo.pt\/wp-content\/uploads\/2020\/03\/20190801_151414-300x208.jpg 300w\" sizes=\"auto, (max-width: 432px) 100vw, 432px\" \/><br \/>\n\t\t\t\t\t\t\t\t\t\t<img loading=\"lazy\" decoding=\"async\" width=\"432\" height=\"300\" src=\"http:\/\/aveicargo.pt\/wp-content\/uploads\/2020\/03\/20190801_151447.jpg\" alt=\"\" srcset=\"http:\/\/aveicargo.pt\/wp-content\/uploads\/2020\/03\/20190801_151447.jpg 432w, http:\/\/aveicargo.pt\/wp-content\/uploads\/2020\/03\/20190801_151447-300x208.jpg 300w\" sizes=\"auto, (max-width: 432px) 100vw, 432px\" \/><br \/>\n\t\t\t\t\t\t\t\t\t\t<img loading=\"lazy\" decoding=\"async\" width=\"432\" height=\"300\" src=\"http:\/\/aveicargo.pt\/wp-content\/uploads\/2020\/03\/20190801_151658.jpg\" alt=\"\" srcset=\"http:\/\/aveicargo.pt\/wp-content\/uploads\/2020\/03\/20190801_151658.jpg 432w, http:\/\/aveicargo.pt\/wp-content\/uploads\/2020\/03\/20190801_151658-300x208.jpg 300w\" sizes=\"auto, (max-width: 432px) 100vw, 432px\" \/><br \/>\n\t\t\t\t\t\t\t\t\t\t<img loading=\"lazy\" decoding=\"async\" width=\"432\" height=\"300\" src=\"http:\/\/aveicargo.pt\/wp-content\/uploads\/2020\/03\/20190912_112230.jpg\" alt=\"\" srcset=\"http:\/\/aveicargo.pt\/wp-content\/uploads\/2020\/03\/20190912_112230.jpg 432w, http:\/\/aveicargo.pt\/wp-content\/uploads\/2020\/03\/20190912_112230-300x208.jpg 300w\" sizes=\"auto, (max-width: 432px) 100vw, 432px\" \/><br \/>\n\t\t\t\t\t\t\t\t\t\t<img loading=\"lazy\" decoding=\"async\" width=\"432\" height=\"300\" src=\"http:\/\/aveicargo.pt\/wp-content\/uploads\/2020\/03\/20191002_163411.jpg\" alt=\"\" srcset=\"http:\/\/aveicargo.pt\/wp-content\/uploads\/2020\/03\/20191002_163411.jpg 432w, http:\/\/aveicargo.pt\/wp-content\/uploads\/2020\/03\/20191002_163411-300x208.jpg 300w\" sizes=\"auto, (max-width: 432px) 100vw, 432px\" \/><br \/>\n\t\t\t\t\t\t\t\t\t\t<img loading=\"lazy\" decoding=\"async\" width=\"432\" height=\"300\" src=\"http:\/\/aveicargo.pt\/wp-content\/uploads\/2020\/03\/20191007_145354.jpg\" alt=\"\" srcset=\"http:\/\/aveicargo.pt\/wp-content\/uploads\/2020\/03\/20191007_145354.jpg 432w, http:\/\/aveicargo.pt\/wp-content\/uploads\/2020\/03\/20191007_145354-300x208.jpg 300w\" sizes=\"auto, (max-width: 432px) 100vw, 432px\" \/><br \/>\n\t\t\t\t\t\t\t\t\t\t<img loading=\"lazy\" decoding=\"async\" width=\"432\" height=\"300\" src=\"http:\/\/aveicargo.pt\/wp-content\/uploads\/2020\/03\/20191016_180236.jpg\" alt=\"\" srcset=\"http:\/\/aveicargo.pt\/wp-content\/uploads\/2020\/03\/20191016_180236.jpg 432w, http:\/\/aveicargo.pt\/wp-content\/uploads\/2020\/03\/20191016_180236-300x208.jpg 300w\" sizes=\"auto, (max-width: 432px) 100vw, 432px\" \/><br \/>\n\t\t\t\t\t\t\t\t\t\t<img loading=\"lazy\" decoding=\"async\" width=\"432\" height=\"300\" src=\"http:\/\/aveicargo.pt\/wp-content\/uploads\/2020\/03\/20191029_144255.jpg\" alt=\"\" srcset=\"http:\/\/aveicargo.pt\/wp-content\/uploads\/2020\/03\/20191029_144255.jpg 432w, http:\/\/aveicargo.pt\/wp-content\/uploads\/2020\/03\/20191029_144255-300x208.jpg 300w\" sizes=\"auto, (max-width: 432px) 100vw, 432px\" \/><br \/>\n\t\t\t\t\t\t\t\t\t\t<img loading=\"lazy\" decoding=\"async\" width=\"432\" height=\"300\" src=\"http:\/\/aveicargo.pt\/wp-content\/uploads\/2020\/03\/20191029_144317.jpg\" alt=\"\" srcset=\"http:\/\/aveicargo.pt\/wp-content\/uploads\/2020\/03\/20191029_144317.jpg 432w, http:\/\/aveicargo.pt\/wp-content\/uploads\/2020\/03\/20191029_144317-300x208.jpg 300w\" sizes=\"auto, (max-width: 432px) 100vw, 432px\" \/><br \/>\n\t\t\t\t\t\t\t\t\t\t<img loading=\"lazy\" decoding=\"async\" width=\"432\" height=\"300\" src=\"http:\/\/aveicargo.pt\/wp-content\/uploads\/2020\/03\/20191029_153500.jpg\" alt=\"\" srcset=\"http:\/\/aveicargo.pt\/wp-content\/uploads\/2020\/03\/20191029_153500.jpg 432w, http:\/\/aveicargo.pt\/wp-content\/uploads\/2020\/03\/20191029_153500-300x208.jpg 300w\" sizes=\"auto, (max-width: 432px) 100vw, 432px\" \/><br \/>\n\t\t\t\t\t\t\t\t\t\t<img loading=\"lazy\" decoding=\"async\" width=\"432\" height=\"300\" src=\"http:\/\/aveicargo.pt\/wp-content\/uploads\/2020\/03\/20191128_101113.jpg\" alt=\"\" srcset=\"http:\/\/aveicargo.pt\/wp-content\/uploads\/2020\/03\/20191128_101113.jpg 432w, http:\/\/aveicargo.pt\/wp-content\/uploads\/2020\/03\/20191128_101113-300x208.jpg 300w\" sizes=\"auto, (max-width: 432px) 100vw, 432px\" \/><br \/>\n\t\t\t\t\t\t\t\t\t\t<img loading=\"lazy\" decoding=\"async\" width=\"432\" height=\"300\" src=\"http:\/\/aveicargo.pt\/wp-content\/uploads\/2020\/03\/20200204_0938540.jpg\" alt=\"\" srcset=\"http:\/\/aveicargo.pt\/wp-content\/uploads\/2020\/03\/20200204_0938540.jpg 432w, http:\/\/aveicargo.pt\/wp-content\/uploads\/2020\/03\/20200204_0938540-300x208.jpg 300w\" sizes=\"auto, (max-width: 432px) 100vw, 432px\" \/><br \/>\n\t\t\t\t\t\t\t\t\t\t<img loading=\"lazy\" decoding=\"async\" width=\"432\" height=\"300\" src=\"http:\/\/aveicargo.pt\/wp-content\/uploads\/2020\/03\/20200205_140211.jpg\" alt=\"\" srcset=\"http:\/\/aveicargo.pt\/wp-content\/uploads\/2020\/03\/20200205_140211.jpg 432w, http:\/\/aveicargo.pt\/wp-content\/uploads\/2020\/03\/20200205_140211-300x208.jpg 300w\" sizes=\"auto, (max-width: 432px) 100vw, 432px\" \/><br \/>\n\t\t\t\t\t\t\t\t\t\t<img loading=\"lazy\" decoding=\"async\" width=\"432\" height=\"300\" src=\"http:\/\/aveicargo.pt\/wp-content\/uploads\/2020\/03\/20200205_141324.jpg\" alt=\"\" srcset=\"http:\/\/aveicargo.pt\/wp-content\/uploads\/2020\/03\/20200205_141324.jpg 432w, http:\/\/aveicargo.pt\/wp-content\/uploads\/2020\/03\/20200205_141324-300x208.jpg 300w\" sizes=\"auto, (max-width: 432px) 100vw, 432px\" \/><br \/>\n\t\t\t\t\t\t\t\t\t\t<img loading=\"lazy\" decoding=\"async\" width=\"432\" height=\"300\" src=\"http:\/\/aveicargo.pt\/wp-content\/uploads\/2020\/03\/20200211_122551.jpg\" alt=\"\" srcset=\"http:\/\/aveicargo.pt\/wp-content\/uploads\/2020\/03\/20200211_122551.jpg 432w, http:\/\/aveicargo.pt\/wp-content\/uploads\/2020\/03\/20200211_122551-300x208.jpg 300w\" sizes=\"auto, (max-width: 432px) 100vw, 432px\" \/><br \/>\n\t\t\t\t\t\t\t\t\t\t<img loading=\"lazy\" decoding=\"async\" width=\"432\" height=\"300\" src=\"http:\/\/aveicargo.pt\/wp-content\/uploads\/2020\/03\/20200226_120454.jpg\" alt=\"\" srcset=\"http:\/\/aveicargo.pt\/wp-content\/uploads\/2020\/03\/20200226_120454.jpg 432w, http:\/\/aveicargo.pt\/wp-content\/uploads\/2020\/03\/20200226_120454-300x208.jpg 300w\" sizes=\"auto, (max-width: 432px) 100vw, 432px\" \/><br \/>\n\t\t\t\t\t\t\t\t\t\t<img loading=\"lazy\" decoding=\"async\" width=\"432\" height=\"300\" src=\"http:\/\/aveicargo.pt\/wp-content\/uploads\/2020\/03\/20200303_145458.jpg\" alt=\"\" srcset=\"http:\/\/aveicargo.pt\/wp-content\/uploads\/2020\/03\/20200303_145458.jpg 432w, http:\/\/aveicargo.pt\/wp-content\/uploads\/2020\/03\/20200303_145458-300x208.jpg 300w\" sizes=\"auto, (max-width: 432px) 100vw, 432px\" \/><\/p>\n","protected":false},"excerpt":{"rendered":"<p>TRANSPORTE COM CAMI\u00c3O GRUA E M\u00c1QUINAS PESADAS A nossa empresa est\u00e1 vocacionada para servi\u00e7os especiais com grua e equipamento pesado. Desde Cami\u00f5es com Grua e Transporte e Descarga de M\u00e1quinas Pesadas.\u00a0 Os nossos transportadores e operadores s\u00e3o certificados.<\/p>\n","protected":false},"author":1,"featured_media":518,"parent":377,"menu_order":0,"comment_status":"closed","ping_status":"closed","template":"","meta":{"footnotes":""},"class_list":["post-386","page","type-page","status-publish","has-post-thumbnail","hentry"],"aioseo_notices":[],"_links":{"self":[{"href":"http:\/\/aveicargo.pt\/index.php?rest_route=\/wp\/v2\/pages\/386","targetHints":{"allow":["GET"]}}],"collection":[{"href":"http:\/\/aveicargo.pt\/index.php?rest_route=\/wp\/v2\/pages"}],"about":[{"href":"http:\/\/aveicargo.pt\/index.php?rest_route=\/wp\/v2\/types\/page"}],"author":[{"embeddable":true,"href":"http:\/\/aveicargo.pt\/index.php?rest_route=\/wp\/v2\/users\/1"}],"replies":[{"embeddable":true,"href":"http:\/\/aveicargo.pt\/index.php?rest_route=%2Fwp%2Fv2%2Fcomments&post=386"}],"version-history":[{"count":22,"href":"http:\/\/aveicargo.pt\/index.php?rest_route=\/wp\/v2\/pages\/386\/revisions"}],"predecessor-version":[{"id":1174,"href":"http:\/\/aveicargo.pt\/index.php?rest_route=\/wp\/v2\/pages\/386\/revisions\/1174"}],"up":[{"embeddable":true,"href":"http:\/\/aveicargo.pt\/index.php?rest_route=\/wp\/v2\/pages\/377"}],"wp:featuredmedia":[{"embeddable":true,"href":"http:\/\/aveicargo.pt\/index.php?rest_route=\/"}],"wp:attachment":[{"href":"http:\/\/aveicargo.pt\/index.php?rest_route=%2Fwp%2Fv2%2Fmedia&parent=386"}],"curies":[{"name":"wp","href":"https:\/\/api.w.org\/{rel}","templated":true}]}}